{"version":"1.0","provider_name":"Blog de SEAG","provider_url":"https:\/\/www.seag.es\/guia-alquiler","author_name":"PatriciaSEAG","author_url":"https:\/\/www.seag.es\/guia-alquiler\/author\/patriciaseag\/","title":"Actualizaci\u00f3n de la renta del alquiler durante 2023","type":"rich","width":600,"height":338,"html":"<blockquote class=\"wp-embedded-content\" data-secret=\"pevXJ8rnvZ\"><a href=\"https:\/\/www.seag.es\/guia-alquiler\/alquiler-seguro\/actualizacion-de-la-renta-del-alquiler\/\">\u00bfC\u00f3mo actualizar la renta del alquiler en 2026? IRAV, IPC y tope seg\u00fan la fecha del contrato<\/a><\/blockquote><iframe sandbox=\"allow-scripts\" security=\"restricted\" src=\"https:\/\/www.seag.es\/guia-alquiler\/alquiler-seguro\/actualizacion-de-la-renta-del-alquiler\/embed\/#?secret=pevXJ8rnvZ\" width=\"600\" height=\"338\" title=\"\u00ab\u00bfC\u00f3mo actualizar la renta del alquiler en 2026? IRAV, IPC y tope seg\u00fan la fecha del contrato\u00bb \u2014 Blog de SEAG\" data-secret=\"pevXJ8rnvZ\" frameborder=\"0\" marginwidth=\"0\" marginheight=\"0\" scrolling=\"no\" class=\"wp-embedded-content\"><\/iframe><script type=\"text\/javascript\">\n\/* <![CDATA[ *\/\n\/*! This file is auto-generated *\/\n!function(d,l){\"use strict\";l.querySelector&&d.addEventListener&&\"undefined\"!=typeof URL&&(d.wp=d.wp||{},d.wp.receiveEmbedMessage||(d.wp.receiveEmbedMessage=function(e){var t=e.data;if((t||t.secret||t.message||t.value)&&!\/[^a-zA-Z0-9]\/.test(t.secret)){for(var s,r,n,a=l.querySelectorAll('iframe[data-secret=\"'+t.secret+'\"]'),o=l.querySelectorAll('blockquote[data-secret=\"'+t.secret+'\"]'),c=new RegExp(\"^https?:$\",\"i\"),i=0;i<o.length;i++)o[i].style.display=\"none\";for(i=0;i<a.length;i++)s=a[i],e.source===s.contentWindow&&(s.removeAttribute(\"style\"),\"height\"===t.message?(1e3<(r=parseInt(t.value,10))?r=1e3:~~r<200&&(r=200),s.height=r):\"link\"===t.message&&(r=new URL(s.getAttribute(\"src\")),n=new URL(t.value),c.test(n.protocol))&&n.host===r.host&&l.activeElement===s&&(d.top.location.href=t.value))}},d.addEventListener(\"message\",d.wp.receiveEmbedMessage,!1),l.addEventListener(\"DOMContentLoaded\",function(){for(var e,t,s=l.querySelectorAll(\"iframe.wp-embedded-content\"),r=0;r<s.length;r++)(t=(e=s[r]).getAttribute(\"data-secret\"))||(t=Math.random().toString(36).substring(2,12),e.src+=\"#?secret=\"+t,e.setAttribute(\"data-secret\",t)),e.contentWindow.postMessage({message:\"ready\",secret:t},\"*\")},!1)))}(window,document);\n\/\/# sourceURL=https:\/\/www.seag.es\/guia-alquiler\/wp-includes\/js\/wp-embed.min.js\n\/* ]]> *\/\n<\/script>\n","thumbnail_url":"https:\/\/www.seag.es\/guia-alquiler\/wp-content\/uploads\/2023\/01\/actualizacion_renta_anual_alquiler_seguro_2023.jpg","thumbnail_width":1640,"thumbnail_height":924,"description":"El Gobierno aprob\u00f3 en marzo de 2022 una serie de medidas con el objetivo de paliar parcialmente la situaci\u00f3n actual de descontrol de precios que afecta al gas, al petr\u00f3leo, la energ\u00eda, los combustibles y gran parte de los alimentos."}

Actualización de la renta del alquiler durante 2023

<blockquote class="wp-embedded-content" data-secret="pevXJ8rnvZ"><a href="https://www.seag.es/guia-alquiler/alquiler-seguro/actualizacion-de-la-renta-del-alquiler/">¿Cómo actualizar la renta del alquiler en 2026? IRAV, IPC y tope según la fecha del contrato</a></blockquote><iframe sandbox="allow-scripts" security="restricted" src="https://www.seag.es/guia-alquiler/alquiler-seguro/actualizacion-de-la-renta-del-alquiler/embed/#?secret=pevXJ8rnvZ" width="600" height="338" title="«¿Cómo actualizar la renta del alquiler en 2026? IRAV, IPC y tope según la fecha del contrato» — Blog de SEAG" data-secret="pevXJ8rnvZ" frameborder="0" marginwidth="0" marginheight="0" scrolling="no" class="wp-embedded-content"></iframe><script type="text/javascript">
/* <![CDATA[ */
/*! This file is auto-generated */
!function(d,l){"use strict";l.querySelector&&d.addEventListener&&"undefined"!=typeof URL&&(d.wp=d.wp||{},d.wp.receiveEmbedMessage||(d.wp.receiveEmbedMessage=function(e){var t=e.data;if((t||t.secret||t.message||t.value)&&!/[^a-zA-Z0-9]/.test(t.secret)){for(var s,r,n,a=l.querySelectorAll('iframe[data-secret="'+t.secret+'"]'),o=l.querySelectorAll('blockquote[data-secret="'+t.secret+'"]'),c=new RegExp("^https?:$","i"),i=0;i<o.length;i++)o[i].style.display="none";for(i=0;i<a.length;i++)s=a[i],e.source===s.contentWindow&&(s.removeAttribute("style"),"height"===t.message?(1e3<(r=parseInt(t.value,10))?r=1e3:~~r<200&&(r=200),s.height=r):"link"===t.message&&(r=new URL(s.getAttribute("src")),n=new URL(t.value),c.test(n.protocol))&&n.host===r.host&&l.activeElement===s&&(d.top.location.href=t.value))}},d.addEventListener("message",d.wp.receiveEmbedMessage,!1),l.addEventListener("DOMContentLoaded",function(){for(var e,t,s=l.querySelectorAll("iframe.wp-embedded-content"),r=0;r<s.length;r++)(t=(e=s[r]).getAttribute("data-secret"))||(t=Math.random().toString(36).substring(2,12),e.src+="#?secret="+t,e.setAttribute("data-secret",t)),e.contentWindow.postMessage({message:"ready",secret:t},"*")},!1)))}(window,document);
//# sourceURL=https://www.seag.es/guia-alquiler/wp-includes/js/wp-embed.min.js
/* ]]> */
</script>

El Gobierno aprobó en marzo de 2022 una serie de medidas con el objetivo de paliar parcialmente la situación actual de descontrol de precios que afecta al gas, al petróleo, la energía, los combustibles y gran parte de los alimentos.
